{"id":2188,"date":"2021-01-13T12:47:09","date_gmt":"2021-01-13T11:47:09","guid":{"rendered":"https:\/\/cristaleriamikal.es\/inicio\/"},"modified":"2021-02-02T12:28:27","modified_gmt":"2021-02-02T11:28:27","slug":"startseite","status":"publish","type":"page","link":"https:\/\/cristaleriamikal.es\/de\/","title":{"rendered":"Startseite"},"content":{"rendered":"<p>[et_pb_section fb_built=&#8220;1&#8243; module_class=&#8220;fullheight-section&#8220; _builder_version=&#8220;4.7.7&#8243; _module_preset=&#8220;default&#8220; background_enable_image=&#8220;off&#8220; background_video_mp4=&#8220;https:\/\/cristaleriamikal.es\/videos\/cristaleria-mikal.mp4&#8243; animation_style=&#8220;fade&#8220;][et_pb_row _builder_version=&#8220;4.7.7&#8243; _module_preset=&#8220;default&#8220;][et_pb_column type=&#8220;4_4&#8243; _builder_version=&#8220;4.7.7&#8243; _module_preset=&#8220;default&#8220;][et_pb_toggle title=&#8220;Make it real&#8220; _builder_version=&#8220;4.7.7&#8243; _module_preset=&#8220;default&#8220; hover_enabled=&#8220;0&#8243; title_level=&#8220;h1&#8243; sticky_enabled=&#8220;0&#8243;]Seit mehr als zehn Jahren ist die GLASEREI MIKAL ein Ort in Palma de Mallorca, an dem wir Ihre Ideen und Projekte wahr werden lassen.<\/p>\n<p>Bei MIKAL ber\u00fccksichtigen wir alle Details, angefangen von der Qualit\u00e4t der Materialien bis hin zur Ausbildung unserer Mitarbeiter. Wir tun all dies, um Endergebnisse zu liefern, die nur eine gro\u00dfe Glaserei imstande ist zu liefern.<\/p>\n<p>Eleganz ist unser Kennzeichen in all unseren Projekten. In diesen spiegelt sich unsere Leidenschaft f\u00fcr Verglasung und Raumgestaltung im Sinne unserer Kunden wider.[\/et_pb_toggle][\/et_pb_column][\/et_pb_row][\/et_pb_section]<\/p>\n","protected":false},"excerpt":{"rendered":"<p>Seit mehr als zehn Jahren ist die GLASEREI MIKAL ein Ort in Palma de Mallorca, an dem wir Ihre Ideen und Projekte wahr werden lassen. Bei MIKAL ber\u00fccksichtigen wir alle Details, angefangen von der Qualit\u00e4t der Materialien bis hin zur Ausbildung unserer Mitarbeiter. Wir tun all dies, um Endergebnisse zu liefern, die nur eine gro\u00dfe [&hellip;]<\/p>\n","protected":false},"author":19,"featured_media":0,"parent":0,"menu_order":0,"comment_status":"closed","ping_status":"closed","template":"","meta":{"_et_pb_use_builder":"on","_et_pb_old_content":"","_et_gb_content_width":"","footnotes":""},"class_list":["post-2188","page","type-page","status-publish","hentry"],"yoast_head":"<!-- This site is optimized with the Yoast SEO plugin v25.4 - https:\/\/yoast.com\/wordpress\/plugins\/seo\/ -->\n<title>Cristaleria Mikal - Glas, Pvc und Aluminium in Palma de Mallorca<\/title>\n<meta name=\"description\" content=\"CRISTALER\u00cdA MIKAL ist eine Referenz-Glash\u00fctte in Palma de Mallorca, wo wir uns um die Verwirklichung Ihrer Ideen und Projekte k\u00fcmmern\" \/>\n<meta name=\"robots\" content=\"index, follow, max-snippet:-1, max-image-preview:large, max-video-preview:-1\" \/>\n<link rel=\"canonical\" href=\"https:\/\/cristaleriamikal.es\/de\/\" \/>\n<meta property=\"og:locale\" content=\"de_DE\" \/>\n<meta property=\"og:type\" content=\"article\" \/>\n<meta property=\"og:title\" content=\"Cristaleria Mikal - Glas, Pvc und Aluminium in Palma de Mallorca\" \/>\n<meta property=\"og:description\" content=\"CRISTALER\u00cdA MIKAL ist eine Referenz-Glash\u00fctte in Palma de Mallorca, wo wir uns um die Verwirklichung Ihrer Ideen und Projekte k\u00fcmmern\" \/>\n<meta property=\"og:url\" content=\"https:\/\/cristaleriamikal.es\/de\/\" \/>\n<meta property=\"og:site_name\" content=\"Cristaleria Mikal\" \/>\n<meta property=\"article:publisher\" content=\"https:\/\/www.facebook.com\/cristaleriamikal\/\" \/>\n<meta property=\"article:modified_time\" content=\"2021-02-02T11:28:27+00:00\" \/>\n<meta name=\"twitter:card\" content=\"summary_large_image\" \/>\n<meta name=\"twitter:site\" content=\"@cristalmikal\" \/>\n<meta name=\"twitter:label1\" content=\"Gesch\u00e4tzte Lesezeit\" \/>\n\t<meta name=\"twitter:data1\" content=\"1\u00a0Minute\" \/>\n<script type=\"application\/ld+json\" class=\"yoast-schema-graph\">{\"@context\":\"https:\/\/schema.org\",\"@graph\":[{\"@type\":\"WebPage\",\"@id\":\"https:\/\/cristaleriamikal.es\/de\/\",\"url\":\"https:\/\/cristaleriamikal.es\/de\/\",\"name\":\"Cristaleria Mikal - Glas, Pvc und Aluminium in Palma de Mallorca\",\"isPartOf\":{\"@id\":\"https:\/\/cristaleriamikal.es\/de\/#website\"},\"datePublished\":\"2021-01-13T11:47:09+00:00\",\"dateModified\":\"2021-02-02T11:28:27+00:00\",\"description\":\"CRISTALER\u00cdA MIKAL ist eine Referenz-Glash\u00fctte in Palma de Mallorca, wo wir uns um die Verwirklichung Ihrer Ideen und Projekte k\u00fcmmern\",\"breadcrumb\":{\"@id\":\"https:\/\/cristaleriamikal.es\/de\/#breadcrumb\"},\"inLanguage\":\"de\",\"potentialAction\":[{\"@type\":\"ReadAction\",\"target\":[\"https:\/\/cristaleriamikal.es\/de\/\"]}]},{\"@type\":\"BreadcrumbList\",\"@id\":\"https:\/\/cristaleriamikal.es\/de\/#breadcrumb\",\"itemListElement\":[{\"@type\":\"ListItem\",\"position\":1,\"name\":\"Home\",\"item\":\"https:\/\/cristaleriamikal.es\/de\/\"},{\"@type\":\"ListItem\",\"position\":2,\"name\":\"Startseite\"}]},{\"@type\":\"WebSite\",\"@id\":\"https:\/\/cristaleriamikal.es\/de\/#website\",\"url\":\"https:\/\/cristaleriamikal.es\/de\/\",\"name\":\"Cristaleria Mikal\",\"description\":\"Cristaler\u00eda Mikal, vidrio, aluminio, herrer\u00eda y pvc en Palma de Mallorca\",\"publisher\":{\"@id\":\"https:\/\/cristaleriamikal.es\/de\/#organization\"},\"potentialAction\":[{\"@type\":\"SearchAction\",\"target\":{\"@type\":\"EntryPoint\",\"urlTemplate\":\"https:\/\/cristaleriamikal.es\/de\/?s={search_term_string}\"},\"query-input\":{\"@type\":\"PropertyValueSpecification\",\"valueRequired\":true,\"valueName\":\"search_term_string\"}}],\"inLanguage\":\"de\"},{\"@type\":\"Organization\",\"@id\":\"https:\/\/cristaleriamikal.es\/de\/#organization\",\"name\":\"Cristaler\u00eda Mikal\",\"url\":\"https:\/\/cristaleriamikal.es\/de\/\",\"logo\":{\"@type\":\"ImageObject\",\"inLanguage\":\"de\",\"@id\":\"https:\/\/cristaleriamikal.es\/de\/#\/schema\/logo\/image\/\",\"url\":\"https:\/\/cristaleriamikal.es\/wp-content\/uploads\/2020\/03\/logo-mikal.png\",\"contentUrl\":\"https:\/\/cristaleriamikal.es\/wp-content\/uploads\/2020\/03\/logo-mikal.png\",\"width\":600,\"height\":245,\"caption\":\"Cristaler\u00eda Mikal\"},\"image\":{\"@id\":\"https:\/\/cristaleriamikal.es\/de\/#\/schema\/logo\/image\/\"},\"sameAs\":[\"https:\/\/www.facebook.com\/cristaleriamikal\/\",\"https:\/\/x.com\/cristalmikal\",\"https:\/\/www.instagram.com\/cristaleriamikal\/\"]}]}<\/script>\n<!-- \/ Yoast SEO plugin. -->","yoast_head_json":{"title":"Cristaleria Mikal - Glas, Pvc und Aluminium in Palma de Mallorca","description":"CRISTALER\u00cdA MIKAL ist eine Referenz-Glash\u00fctte in Palma de Mallorca, wo wir uns um die Verwirklichung Ihrer Ideen und Projekte k\u00fcmmern","robots":{"index":"index","follow":"follow","max-snippet":"max-snippet:-1","max-image-preview":"max-image-preview:large","max-video-preview":"max-video-preview:-1"},"canonical":"https:\/\/cristaleriamikal.es\/de\/","og_locale":"de_DE","og_type":"article","og_title":"Cristaleria Mikal - Glas, Pvc und Aluminium in Palma de Mallorca","og_description":"CRISTALER\u00cdA MIKAL ist eine Referenz-Glash\u00fctte in Palma de Mallorca, wo wir uns um die Verwirklichung Ihrer Ideen und Projekte k\u00fcmmern","og_url":"https:\/\/cristaleriamikal.es\/de\/","og_site_name":"Cristaleria Mikal","article_publisher":"https:\/\/www.facebook.com\/cristaleriamikal\/","article_modified_time":"2021-02-02T11:28:27+00:00","twitter_card":"summary_large_image","twitter_site":"@cristalmikal","twitter_misc":{"Gesch\u00e4tzte Lesezeit":"1\u00a0Minute"},"schema":{"@context":"https:\/\/schema.org","@graph":[{"@type":"WebPage","@id":"https:\/\/cristaleriamikal.es\/de\/","url":"https:\/\/cristaleriamikal.es\/de\/","name":"Cristaleria Mikal - Glas, Pvc und Aluminium in Palma de Mallorca","isPartOf":{"@id":"https:\/\/cristaleriamikal.es\/de\/#website"},"datePublished":"2021-01-13T11:47:09+00:00","dateModified":"2021-02-02T11:28:27+00:00","description":"CRISTALER\u00cdA MIKAL ist eine Referenz-Glash\u00fctte in Palma de Mallorca, wo wir uns um die Verwirklichung Ihrer Ideen und Projekte k\u00fcmmern","breadcrumb":{"@id":"https:\/\/cristaleriamikal.es\/de\/#breadcrumb"},"inLanguage":"de","potentialAction":[{"@type":"ReadAction","target":["https:\/\/cristaleriamikal.es\/de\/"]}]},{"@type":"BreadcrumbList","@id":"https:\/\/cristaleriamikal.es\/de\/#breadcrumb","itemListElement":[{"@type":"ListItem","position":1,"name":"Home","item":"https:\/\/cristaleriamikal.es\/de\/"},{"@type":"ListItem","position":2,"name":"Startseite"}]},{"@type":"WebSite","@id":"https:\/\/cristaleriamikal.es\/de\/#website","url":"https:\/\/cristaleriamikal.es\/de\/","name":"Cristaleria Mikal","description":"Cristaler\u00eda Mikal, vidrio, aluminio, herrer\u00eda y pvc en Palma de Mallorca","publisher":{"@id":"https:\/\/cristaleriamikal.es\/de\/#organization"},"potentialAction":[{"@type":"SearchAction","target":{"@type":"EntryPoint","urlTemplate":"https:\/\/cristaleriamikal.es\/de\/?s={search_term_string}"},"query-input":{"@type":"PropertyValueSpecification","valueRequired":true,"valueName":"search_term_string"}}],"inLanguage":"de"},{"@type":"Organization","@id":"https:\/\/cristaleriamikal.es\/de\/#organization","name":"Cristaler\u00eda Mikal","url":"https:\/\/cristaleriamikal.es\/de\/","logo":{"@type":"ImageObject","inLanguage":"de","@id":"https:\/\/cristaleriamikal.es\/de\/#\/schema\/logo\/image\/","url":"https:\/\/cristaleriamikal.es\/wp-content\/uploads\/2020\/03\/logo-mikal.png","contentUrl":"https:\/\/cristaleriamikal.es\/wp-content\/uploads\/2020\/03\/logo-mikal.png","width":600,"height":245,"caption":"Cristaler\u00eda Mikal"},"image":{"@id":"https:\/\/cristaleriamikal.es\/de\/#\/schema\/logo\/image\/"},"sameAs":["https:\/\/www.facebook.com\/cristaleriamikal\/","https:\/\/x.com\/cristalmikal","https:\/\/www.instagram.com\/cristaleriamikal\/"]}]}},"_links":{"self":[{"href":"https:\/\/cristaleriamikal.es\/de\/wp-json\/wp\/v2\/pages\/2188","targetHints":{"allow":["GET"]}}],"collection":[{"href":"https:\/\/cristaleriamikal.es\/de\/wp-json\/wp\/v2\/pages"}],"about":[{"href":"https:\/\/cristaleriamikal.es\/de\/wp-json\/wp\/v2\/types\/page"}],"author":[{"embeddable":true,"href":"https:\/\/cristaleriamikal.es\/de\/wp-json\/wp\/v2\/users\/19"}],"replies":[{"embeddable":true,"href":"https:\/\/cristaleriamikal.es\/de\/wp-json\/wp\/v2\/comments?post=2188"}],"version-history":[{"count":4,"href":"https:\/\/cristaleriamikal.es\/de\/wp-json\/wp\/v2\/pages\/2188\/revisions"}],"predecessor-version":[{"id":2192,"href":"https:\/\/cristaleriamikal.es\/de\/wp-json\/wp\/v2\/pages\/2188\/revisions\/2192"}],"wp:attachment":[{"href":"https:\/\/cristaleriamikal.es\/de\/wp-json\/wp\/v2\/media?parent=2188"}],"curies":[{"name":"wp","href":"https:\/\/api.w.org\/{rel}","templated":true}]}}

<p>[et_pb_section fb_built=&#8220;1&#8243; module_class=&#8220;fullheight-section&#8220; _builder_version=&#8220;4.7.7&#8243; _module_preset=&#8220;default&#8220; background_enable_image=&#8220;off&#8220; background_video_mp4=&#8220;https://cristaleriamikal.es/videos/cristaleria-mikal.mp4&#8243; animation_style=&#8220;fade&#8220;][et_pb_row _builder_version=&#8220;4.7.7&#8243; _module_preset=&#8220;default&#8220;][et_pb_column type=&#8220;4_4&#8243; _builder_version=&#8220;4.7.7&#8243; _module_preset=&#8220;default&#8220;][et_pb_toggle title=&#8220;Make it real&#8220; _builder_version=&#8220;4.7.7&#8243; _module_preset=&#8220;default&#8220; hover_enabled=&#8220;0&#8243; title_level=&#8220;h1&#8243; sticky_enabled=&#8220;0&#8243;]Seit mehr als zehn Jahren ist die GLASEREI MIKAL ein Ort in Palma de Mallorca, an dem wir Ihre Ideen und Projekte wahr werden lassen.</p>
<p>Bei MIKAL berücksichtigen wir alle Details, angefangen von der Qualität der Materialien bis hin zur Ausbildung unserer Mitarbeiter. Wir tun all dies, um Endergebnisse zu liefern, die nur eine große Glaserei imstande ist zu liefern.</p>
<p>Eleganz ist unser Kennzeichen in all unseren Projekten. In diesen spiegelt sich unsere Leidenschaft für Verglasung und Raumgestaltung im Sinne unserer Kunden wider.[/et_pb_toggle][/et_pb_column][/et_pb_row][/et_pb_section]</p>

<p>Seit mehr als zehn Jahren ist die GLASEREI MIKAL ein Ort in Palma de Mallorca, an dem wir Ihre Ideen und Projekte wahr werden lassen. Bei MIKAL berücksichtigen wir alle Details, angefangen von der Qualität der Materialien bis hin zur Ausbildung unserer Mitarbeiter. Wir tun all dies, um Endergebnisse zu liefern, die nur eine große [&hellip;]</p>

<!-- This site is optimized with the Yoast SEO plugin v25.4 - https://yoast.com/wordpress/plugins/seo/ -->
<title>Cristaleria Mikal - Glas, Pvc und Aluminium in Palma de Mallorca</title>
<meta name="description" content="CRISTALERÍA MIKAL ist eine Referenz-Glashütte in Palma de Mallorca, wo wir uns um die Verwirklichung Ihrer Ideen und Projekte kümmern" />
<meta name="robots" content="index, follow, max-snippet:-1, max-image-preview:large, max-video-preview:-1" />
<link rel="canonical" href="https://cristaleriamikal.es/de/" />
<meta property="og:locale" content="de_DE" />
<meta property="og:type" content="article" />
<meta property="og:title" content="Cristaleria Mikal - Glas, Pvc und Aluminium in Palma de Mallorca" />
<meta property="og:description" content="CRISTALERÍA MIKAL ist eine Referenz-Glashütte in Palma de Mallorca, wo wir uns um die Verwirklichung Ihrer Ideen und Projekte kümmern" />
<meta property="og:url" content="https://cristaleriamikal.es/de/" />
<meta property="og:site_name" content="Cristaleria Mikal" />
<meta property="article:publisher" content="https://www.facebook.com/cristaleriamikal/" />
<meta property="article:modified_time" content="2021-02-02T11:28:27+00:00" />
<meta name="twitter:card" content="summary_large_image" />
<meta name="twitter:site" content="@cristalmikal" />
<meta name="twitter:label1" content="Geschätzte Lesezeit" />
	<meta name="twitter:data1" content="1 Minute" />
<script type="application/ld+json" class="yoast-schema-graph">{"@context":"https://schema.org","@graph":[{"@type":"WebPage","@id":"https://cristaleriamikal.es/de/","url":"https://cristaleriamikal.es/de/","name":"Cristaleria Mikal - Glas, Pvc und Aluminium in Palma de Mallorca","isPartOf":{"@id":"https://cristaleriamikal.es/de/#website"},"datePublished":"2021-01-13T11:47:09+00:00","dateModified":"2021-02-02T11:28:27+00:00","description":"CRISTALERÍA MIKAL ist eine Referenz-Glashütte in Palma de Mallorca, wo wir uns um die Verwirklichung Ihrer Ideen und Projekte kümmern","breadcrumb":{"@id":"https://cristaleriamikal.es/de/#breadcrumb"},"inLanguage":"de","potentialAction":[{"@type":"ReadAction","target":["https://cristaleriamikal.es/de/"]}]},{"@type":"BreadcrumbList","@id":"https://cristaleriamikal.es/de/#breadcrumb","itemListElement":[{"@type":"ListItem","position":1,"name":"Home","item":"https://cristaleriamikal.es/de/"},{"@type":"ListItem","position":2,"name":"Startseite"}]},{"@type":"WebSite","@id":"https://cristaleriamikal.es/de/#website","url":"https://cristaleriamikal.es/de/","name":"Cristaleria Mikal","description":"Cristalería Mikal, vidrio, aluminio, herrería y pvc en Palma de Mallorca","publisher":{"@id":"https://cristaleriamikal.es/de/#organization"},"potentialAction":[{"@type":"SearchAction","target":{"@type":"EntryPoint","urlTemplate":"https://cristaleriamikal.es/de/?s={search_term_string}"},"query-input":{"@type":"PropertyValueSpecification","valueRequired":true,"valueName":"search_term_string"}}],"inLanguage":"de"},{"@type":"Organization","@id":"https://cristaleriamikal.es/de/#organization","name":"Cristalería Mikal","url":"https://cristaleriamikal.es/de/","logo":{"@type":"ImageObject","inLanguage":"de","@id":"https://cristaleriamikal.es/de/#/schema/logo/image/","url":"https://cristaleriamikal.es/wp-content/uploads/2020/03/logo-mikal.png","contentUrl":"https://cristaleriamikal.es/wp-content/uploads/2020/03/logo-mikal.png","width":600,"height":245,"caption":"Cristalería Mikal"},"image":{"@id":"https://cristaleriamikal.es/de/#/schema/logo/image/"},"sameAs":["https://www.facebook.com/cristaleriamikal/","https://x.com/cristalmikal","https://www.instagram.com/cristaleriamikal/"]}]}</script>
<!-- / Yoast SEO plugin. -->

CRISTALERÍA MIKAL ist eine Referenz-Glashütte in Palma de Mallorca, wo wir uns um die Verwirklichung Ihrer Ideen und Projekte kümmern

Cristalería Mikal, vidrio, aluminio, herrería y pvc en Palma de Mallorca

Cristalería Mikal
